Last updated on 2025-01-19 21:49:15 CET.
Flavor | Version | Tinstall | Tcheck | Ttotal | Status | Flags |
---|---|---|---|---|---|---|
r-devel-linux-x86_64-debian-clang | 1.7.5 | 15.44 | 150.91 | 166.35 | NOTE | |
r-devel-linux-x86_64-debian-gcc | 1.7.5 | 10.88 | 102.72 | 113.60 | NOTE | |
r-devel-linux-x86_64-fedora-clang | 1.7.5 | 266.99 | OK | |||
r-devel-linux-x86_64-fedora-gcc | 1.7.5 | 256.32 | OK | |||
r-devel-windows-x86_64 | 1.7.5 | 15.00 | 149.00 | 164.00 | NOTE | |
r-patched-linux-x86_64 | 1.7.5 | 20.14 | 141.00 | 161.14 | OK | |
r-release-linux-x86_64 | 1.7.5 | 14.35 | 140.35 | 154.70 | OK | |
r-release-macos-arm64 | 1.7.5 | 80.00 | OK | |||
r-release-macos-x86_64 | 1.7.5 | 131.00 | OK | |||
r-release-windows-x86_64 | 1.7.5 | 18.00 | 149.00 | 167.00 | OK | |
r-oldrel-macos-arm64 | 1.7.5 | 79.00 | OK | |||
r-oldrel-macos-x86_64 | 1.7.5 | 153.00 | OK | |||
r-oldrel-windows-x86_64 | 1.7.5 | 19.00 | 194.00 | 213.00 | OK |
Version: 1.7.5
Check: Rd cross-references
Result: NOTE
Found the following Rd file(s) with Rd \link{} targets missing package
anchors:
dists.Rd: betareg
moments.Rd: betareg, gamlss, bamlss
plot_dist.Rd: gamlss, bamlss, betareg, ggplot2
plot_moments.Rd: gamlss, bamlss, betareg
Please provide package anchors for all Rd \link{} targets not in the
package itself and the base packages.
Flavors: r-devel-linux-x86_64-debian-clang, r-devel-linux-x86_64-debian-gcc, r-devel-windows-x86_64