CRAN Package Check Results for Package diseasemapping

Last updated on 2025-01-25 09:49:14 CET.

Flavor Version Tinstall Tcheck Ttotal Status Flags
r-devel-linux-x86_64-debian-clang 2.0.6 23.55 240.25 263.80 OK
r-devel-linux-x86_64-debian-gcc 2.0.6 13.29 149.07 162.36 OK
r-devel-linux-x86_64-fedora-clang 2.0.6 460.78 OK
r-devel-linux-x86_64-fedora-gcc 2.0.6 1145.08 OK
r-devel-windows-x86_64 2.0.6 22.00 196.00 218.00 OK
r-patched-linux-x86_64 2.0.6 19.72 225.27 244.99 NOTE
r-release-linux-x86_64 2.0.6 23.94 224.73 248.67 NOTE
r-release-macos-arm64 2.0.6 88.00 NOTE
r-release-macos-x86_64 2.0.6 153.00 NOTE
r-release-windows-x86_64 2.0.6 22.00 200.00 222.00 OK
r-oldrel-macos-arm64 2.0.6 108.00 NOTE
r-oldrel-macos-x86_64 2.0.6 347.00 NOTE
r-oldrel-windows-x86_64 2.0.6 29.00 265.00 294.00 NOTE

Check Details

Version: 2.0.6
Check: package dependencies
Result: NOTE Package which this enhances but not available for checking: ‘INLA’ Flavors: r-patched-linux-x86_64, r-release-linux-x86_64, r-release-macos-arm64, r-release-macos-x86_64, r-oldrel-macos-arm64, r-oldrel-macos-x86_64, r-oldrel-windows-x86_64