Last updated on 2025-05-11 02:48:46 CEST.
Flavor | Version | Tinstall | Tcheck | Ttotal | Status | Flags |
---|---|---|---|---|---|---|
r-devel-linux-x86_64-debian-clang | 1.4.3 | 9.22 | 81.46 | 90.68 | NOTE | |
r-devel-linux-x86_64-debian-gcc | 1.4.3 | 5.97 | 61.97 | 67.94 | NOTE | |
r-devel-linux-x86_64-fedora-clang | 1.4.3 | 139.89 | NOTE | |||
r-devel-linux-x86_64-fedora-gcc | 1.4.3 | 149.61 | NOTE | |||
r-devel-windows-x86_64 | 1.4.3 | 10.00 | 95.00 | 105.00 | NOTE | |
r-patched-linux-x86_64 | 1.4.3 | 9.48 | 78.40 | 87.88 | NOTE | |
r-release-linux-x86_64 | 1.4.3 | 7.73 | 77.64 | 85.37 | NOTE | |
r-release-macos-arm64 | 1.4.3 | 55.00 | NOTE | |||
r-release-macos-x86_64 | 1.4.3 | 92.00 | NOTE | |||
r-release-windows-x86_64 | 1.4.3 | 11.00 | 95.00 | 106.00 | NOTE | |
r-oldrel-macos-arm64 | 1.4.3 | 63.00 | OK | |||
r-oldrel-macos-x86_64 | 1.4.3 | 103.00 | OK | |||
r-oldrel-windows-x86_64 | 1.4.3 | 13.00 | 111.00 | 124.00 | OK |
Version: 1.4.3
Check: DESCRIPTION meta-information
Result: NOTE
Missing dependency on R >= 4.1.0 because package code uses the pipe
|> or function shorthand \(...) syntax added in R 4.1.0.
File(s) using such syntax:
‘diem.r’ ‘internal.r’ ‘rank2map.r’ ‘vcf2diem.r’
Flavors: r-devel-linux-x86_64-debian-clang, r-devel-linux-x86_64-debian-gcc, r-devel-linux-x86_64-fedora-clang, r-devel-linux-x86_64-fedora-gcc, r-devel-windows-x86_64, r-patched-linux-x86_64, r-release-linux-x86_64, r-release-macos-arm64, r-release-macos-x86_64, r-release-windows-x86_64