Last updated on 2025-05-10 02:49:40 CEST.
Flavor | Version | Tinstall | Tcheck | Ttotal | Status | Flags |
---|---|---|---|---|---|---|
r-devel-linux-x86_64-debian-clang | 1.0.0 | 2.33 | 22.34 | 24.67 | NOTE | |
r-devel-linux-x86_64-debian-gcc | 1.0.0 | 1.77 | 16.49 | 18.26 | NOTE | |
r-devel-linux-x86_64-fedora-clang | 1.0.0 | 39.47 | OK | |||
r-devel-linux-x86_64-fedora-gcc | 1.0.0 | 38.44 | OK | |||
r-devel-windows-x86_64 | 1.0.0 | 3.00 | 39.00 | 42.00 | OK | |
r-patched-linux-x86_64 | 1.0.0 | 2.56 | 21.18 | 23.74 | OK | |
r-release-linux-x86_64 | 1.0.0 | 2.02 | 21.49 | 23.51 | OK | |
r-release-macos-arm64 | 1.0.0 | 17.00 | OK | |||
r-release-macos-x86_64 | 1.0.0 | 32.00 | OK | |||
r-release-windows-x86_64 | 1.0.0 | 3.00 | 43.00 | 46.00 | OK | |
r-oldrel-macos-arm64 | 1.0.0 | 22.00 | NOTE | |||
r-oldrel-macos-x86_64 | 1.0.0 | 29.00 | NOTE | |||
r-oldrel-windows-x86_64 | 1.0.0 | 3.00 | 39.00 | 42.00 | NOTE |
Version: 1.0.0
Check: CRAN incoming feasibility
Result: NOTE
Maintainer: ‘John Ferguson <john.ferguson@nuigalway.ie>’
Found the following \keyword or \concept entries
which likely give several index terms:
File ‘linkd.Rd’:
\keyword{Feligi/Sunter,}
\keyword{algorithm,}
\keyword{class,}
\keyword{linkage,}
Flavors: r-devel-linux-x86_64-debian-clang, r-devel-linux-x86_64-debian-gcc
Version: 1.0.0
Check: LazyData
Result: NOTE
'LazyData' is specified without a 'data' directory
Flavors: r-oldrel-macos-arm64, r-oldrel-macos-x86_64, r-oldrel-windows-x86_64