CRAN Package Check Results for Package cocons

Last updated on 2025-01-25 09:49:12 CET.

Flavor Version Tinstall Tcheck Ttotal Status Flags
r-devel-linux-x86_64-debian-clang 0.1.4 27.33 43.15 70.48 OK
r-devel-linux-x86_64-debian-gcc 0.1.4 22.55 31.42 53.97 OK
r-devel-linux-x86_64-fedora-clang 0.1.4 134.66 NOTE
r-devel-linux-x86_64-fedora-gcc 0.1.4 148.38 NOTE
r-devel-windows-x86_64 0.1.4 32.00 88.00 120.00 OK
r-patched-linux-x86_64 0.1.4 30.91 41.70 72.61 OK
r-release-linux-x86_64 0.1.4 31.92 41.54 73.46 OK
r-release-macos-arm64 0.1.4 43.00 OK
r-release-macos-x86_64 0.1.4 97.00 OK
r-release-windows-x86_64 0.1.4 29.00 88.00 117.00 OK
r-oldrel-macos-arm64 0.1.4 41.00 OK
r-oldrel-macos-x86_64 0.1.4 119.00 OK
r-oldrel-windows-x86_64 0.1.4 38.00 106.00 144.00 OK

Check Details

Version: 0.1.4
Check: dependencies in R code
Result: NOTE Namespaces in Imports field not imported from: ‘fields’ ‘knitr’ All declared Imports should be used. Flavors: r-devel-linux-x86_64-fedora-clang, r-devel-linux-x86_64-fedora-gcc