Last updated on 2025-05-24 22:50:00 CEST.
Flavor | Version | Tinstall | Tcheck | Ttotal | Status | Flags |
---|---|---|---|---|---|---|
r-devel-linux-x86_64-debian-clang | 0.10.1 | 195.08 | 29.29 | 224.37 | OK | |
r-devel-linux-x86_64-debian-gcc | 0.10.1 | 152.94 | 23.99 | 176.93 | OK | |
r-devel-linux-x86_64-fedora-clang | 0.10.1 | 369.84 | OK | |||
r-devel-linux-x86_64-fedora-gcc | 0.10.1 | 376.20 | OK | |||
r-devel-windows-x86_64 | 0.10.1 | 296.00 | 139.00 | 435.00 | OK | |
r-patched-linux-x86_64 | 0.10.1 | 192.10 | 28.00 | 220.10 | OK | |
r-release-linux-x86_64 | 0.10.1 | 193.11 | 28.18 | 221.29 | OK | |
r-release-macos-arm64 | 0.10.1 | 116.00 | OK | |||
r-release-macos-x86_64 | 0.10.1 | 132.00 | OK | |||
r-release-windows-x86_64 | 0.10.1 | 299.00 | 88.00 | 387.00 | OK | |
r-oldrel-macos-arm64 | 0.10.1 | 116.00 | NOTE | |||
r-oldrel-macos-x86_64 | 0.10.1 | 128.00 | NOTE | |||
r-oldrel-windows-x86_64 | 0.10.1 | 285.00 | 99.00 | 384.00 | OK |
Version: 0.10.1
Check: installed package size
Result: NOTE
installed size is 6.3Mb
sub-directories of 1Mb or more:
libs 5.9Mb
Flavors: r-oldrel-macos-arm64, r-oldrel-macos-x86_64