Last updated on 2025-01-19 17:49:03 CET.
Flavor | Version | Tinstall | Tcheck | Ttotal | Status | Flags |
---|---|---|---|---|---|---|
r-devel-linux-x86_64-debian-clang | 0.6-14 | 6.02 | 55.99 | 62.01 | NOTE | |
r-devel-linux-x86_64-debian-gcc | 0.6-15 | 4.02 | 40.49 | 44.51 | OK | |
r-devel-linux-x86_64-fedora-clang | 0.6-15 | 103.04 | OK | |||
r-devel-linux-x86_64-fedora-gcc | 0.6-15 | 113.92 | OK | |||
r-devel-windows-x86_64 | 0.6-15 | 6.00 | 136.00 | 142.00 | OK | |
r-patched-linux-x86_64 | 0.6-14 | 5.56 | 53.38 | 58.94 | OK | |
r-release-linux-x86_64 | 0.6-15 | 5.04 | 52.44 | 57.48 | OK | |
r-release-macos-arm64 | 0.6-14 | 35.00 | OK | |||
r-release-macos-x86_64 | 0.6-14 | 57.00 | OK | |||
r-release-windows-x86_64 | 0.6-14 | 6.00 | 98.00 | 104.00 | OK | |
r-oldrel-macos-arm64 | 0.6-14 | 35.00 | OK | |||
r-oldrel-macos-x86_64 | 0.6-14 | 59.00 | OK | |||
r-oldrel-windows-x86_64 | 0.6-15 | 11.00 | 196.00 | 207.00 | OK |
Version: 0.6-14
Check: Rd cross-references
Result: NOTE
Found the following Rd file(s) with Rd \link{} targets missing package
anchors:
hommelFast.Rd: hommel
Please provide package anchors for all Rd \link{} targets not in the
package itself and the base packages.
Flavor: r-devel-linux-x86_64-debian-clang