CRAN Package Check Results for Package c060

Last updated on 2025-05-25 00:49:56 CEST.

Flavor Version Tinstall Tcheck Ttotal Status Flags
r-devel-linux-x86_64-debian-clang 0.3-0 7.57 67.56 75.13 NOTE
r-devel-linux-x86_64-debian-gcc 0.3-0 6.73 50.32 57.05 NOTE
r-devel-linux-x86_64-fedora-clang 0.3-0 117.42 OK
r-devel-linux-x86_64-fedora-gcc 0.3-0 110.79 OK
r-devel-windows-x86_64 0.3-0 9.00 83.00 92.00 NOTE
r-patched-linux-x86_64 0.3-0 8.00 63.05 71.05 NOTE
r-release-linux-x86_64 0.3-0 7.82 63.09 70.91 NOTE
r-release-macos-arm64 0.3-0 46.00 OK
r-release-macos-x86_64 0.3-0 73.00 OK
r-release-windows-x86_64 0.3-0 10.00 80.00 90.00 NOTE
r-oldrel-macos-arm64 0.3-0 35.00 OK
r-oldrel-macos-x86_64 0.3-0 66.00 OK
r-oldrel-windows-x86_64 0.3-0 12.00 93.00 105.00 OK

Check Details

Version: 0.3-0
Check: CRAN incoming feasibility
Result: NOTE Maintainer: ‘Frederic Bertrand <frederic.bertrand@utt.fr>’ No Authors@R field in DESCRIPTION. Please add one, modifying Authors@R: c(person(given = "Martin", family = "Sill", role = "aut"), person(given = "Thomas", family = "Hielscher", role = "aut"), person(given = "Manuela", family = "Zucknick", role = "aut"), person(given = "Natalia", family = "Becker.", role = "aut"), person(given = "Frederic", family = "Bertrand", role = "cre", email = "frederic.bertrand@utt.fr")) as necessary. Flavors: r-devel-linux-x86_64-debian-clang, r-devel-linux-x86_64-debian-gcc

Version: 0.3-0
Check: Rd cross-references
Result: NOTE Found the following Rd file(s) with Rd \link{} targets missing package anchors: balancedFolds.Rd: EPSGO coef.intsearch.Rd: EPSGO plot.summary.int.Rd: EPSGO stabpath.Rd: glmnet summary.intsearch.Rd: EPSGO Please provide package anchors for all Rd \link{} targets not in the package itself and the base packages. Flavors: r-devel-linux-x86_64-debian-clang, r-devel-linux-x86_64-debian-gcc, r-devel-windows-x86_64, r-patched-linux-x86_64, r-release-linux-x86_64, r-release-windows-x86_64