Last updated on 2025-05-09 08:50:01 CEST.
Flavor | Version | Tinstall | Tcheck | Ttotal | Status | Flags |
---|---|---|---|---|---|---|
r-devel-linux-x86_64-debian-clang | 1.5.1 | 16.17 | 76.35 | 92.52 | NOTE | |
r-devel-linux-x86_64-debian-gcc | 1.5.1 | 12.97 | 52.19 | 65.16 | NOTE | |
r-devel-linux-x86_64-fedora-clang | 1.5.1 | 147.46 | OK | |||
r-devel-linux-x86_64-fedora-gcc | 1.5.1 | 148.41 | OK | |||
r-devel-windows-x86_64 | 1.5.1 | 23.00 | 101.00 | 124.00 | NOTE | |
r-patched-linux-x86_64 | 1.5.1 | 17.05 | 69.28 | 86.33 | NOTE | |
r-release-linux-x86_64 | 1.5.1 | 17.78 | 69.01 | 86.79 | NOTE | |
r-release-macos-arm64 | 1.5.1 | 47.00 | OK | |||
r-release-macos-x86_64 | 1.5.1 | 78.00 | OK | |||
r-release-windows-x86_64 | 1.5.1 | 24.00 | 101.00 | 125.00 | NOTE | |
r-oldrel-macos-arm64 | 1.5.1 | 39.00 | OK | |||
r-oldrel-macos-x86_64 | 1.5.1 | 62.00 | OK | |||
r-oldrel-windows-x86_64 | 1.5.1 | 26.00 | 121.00 | 147.00 | OK |
Version: 1.5.1
Check: Rd cross-references
Result: NOTE
Found the following Rd file(s) with Rd \link{} targets missing package
anchors:
DBI.Rd: DBIObject-class, DBIDriver-class, DBIConnection-class,
DBIResult-class
bigquery.Rd: DBIDriver-class, DBIConnection-class
Please provide package anchors for all Rd \link{} targets not in the
package itself and the base packages.
Flavors: r-devel-linux-x86_64-debian-clang, r-devel-linux-x86_64-debian-gcc, r-devel-windows-x86_64, r-patched-linux-x86_64, r-release-linux-x86_64, r-release-windows-x86_64