Last updated on 2025-01-16 15:50:13 CET.
Flavor | Version | Tinstall | Tcheck | Ttotal | Status | Flags |
---|---|---|---|---|---|---|
r-devel-linux-x86_64-debian-clang | 0.0.1 | 8.72 | 70.10 | 78.82 | OK | |
r-devel-linux-x86_64-debian-gcc | 0.0.1 | 6.18 | 52.45 | 58.63 | OK | |
r-devel-linux-x86_64-fedora-clang | 0.0.1 | 124.25 | OK | |||
r-devel-linux-x86_64-fedora-gcc | 0.0.1 | 117.33 | OK | |||
r-devel-windows-x86_64 | 0.0.1 | 9.00 | 76.00 | 85.00 | OK | |
r-patched-linux-x86_64 | 0.0.1 | 6.50 | 64.44 | 70.94 | OK | |
r-release-linux-x86_64 | 0.0.1 | 7.85 | 64.16 | 72.01 | OK | |
r-release-macos-arm64 | 0.0.1 | 36.00 | OK | |||
r-release-macos-x86_64 | 0.0.1 | 64.00 | OK | |||
r-release-windows-x86_64 | 0.0.1 | 9.00 | 77.00 | 86.00 | OK | |
r-oldrel-macos-arm64 | 0.0.1 | 46.00 | ERROR | |||
r-oldrel-macos-x86_64 | 0.0.1 | 62.00 | OK | |||
r-oldrel-windows-x86_64 | 0.0.1 | 9.00 | 93.00 | 102.00 | OK |
Version: 0.0.1
Check: examples
Result: ERROR
Running examples in ‘autogam-Ex.R’ failed
The error most likely occurred in:
> ### Name: autogam
> ### Title: Automate the creation of a Generalized Additive Model (GAM)
> ### Aliases: autogam
>
> ### ** Examples
>
> autogam(mtcars, 'mpg')
Error in magic(G$y, G$X, msp, G$S, G$off, L = G$L, lsp0 = G$lsp0, G$rank, :
magic, the gcv/ubre optimizer, failed to converge after 400 iterations.
Calls: autogam ... do.call -> <Anonymous> -> estimate.gam -> am.fit -> magic
Execution halted
Flavor: r-oldrel-macos-arm64