Last updated on 2025-01-19 17:49:02 CET.
Flavor | Version | Tinstall | Tcheck | Ttotal | Status | Flags |
---|---|---|---|---|---|---|
r-devel-linux-x86_64-debian-clang | 0.2.6 | 5.31 | 54.29 | 59.60 | NOTE | |
r-devel-linux-x86_64-debian-gcc | 0.2.6 | 4.51 | 40.94 | 45.45 | NOTE | |
r-devel-linux-x86_64-fedora-clang | 0.2.6 | 100.61 | OK | |||
r-devel-linux-x86_64-fedora-gcc | 0.2.6 | 109.81 | OK | |||
r-devel-windows-x86_64 | 0.2.6 | 7.00 | 69.00 | 76.00 | NOTE | |
r-patched-linux-x86_64 | 0.2.6 | 11.66 | 50.65 | 62.31 | NOTE | |
r-release-linux-x86_64 | 0.2.6 | 6.43 | 50.94 | 57.37 | NOTE | |
r-release-macos-arm64 | 0.2.6 | 35.00 | NOTE | |||
r-release-macos-x86_64 | 0.2.6 | 58.00 | NOTE | |||
r-release-windows-x86_64 | 0.2.6 | 8.00 | 73.00 | 81.00 | NOTE | |
r-oldrel-macos-arm64 | 0.2.6 | 34.00 | NOTE | |||
r-oldrel-macos-x86_64 | 0.2.6 | 58.00 | NOTE | |||
r-oldrel-windows-x86_64 | 0.2.6 | 7.00 | 77.00 | 84.00 | NOTE |
Version: 0.2.6
Check: Rd cross-references
Result: NOTE
Found the following Rd file(s) with Rd \link{} targets missing package
anchors:
addHooksToPrintGitHub.Rd: Repository, archivist-package, alink,
addHooksToPrint
archive.Rd: Repository, saveToLocalRepo, md5hash, alink, aoptions
archivist-github-integration.Rd: Repository
createGitHubRepo.Rd: createLocalRepo, Repository, oauth2.0_token,
Tags
deleteGitHubRepo.Rd: Repository, oauth2.0_token
pushGitHubRepo.Rd: Repository
Please provide package anchors for all Rd \link{} targets not in the
package itself and the base packages.
Flavors: r-devel-linux-x86_64-debian-clang, r-devel-linux-x86_64-debian-gcc, r-devel-windows-x86_64
Version: 0.2.6
Check: LazyData
Result: NOTE
'LazyData' is specified without a 'data' directory
Flavors: r-patched-linux-x86_64, r-release-linux-x86_64, r-release-macos-arm64, r-release-macos-x86_64, r-release-windows-x86_64, r-oldrel-macos-arm64, r-oldrel-macos-x86_64, r-oldrel-windows-x86_64