CRAN Package Check Results for Package anim.plots

Last updated on 2025-01-19 17:49:02 CET.

Flavor Version Tinstall Tcheck Ttotal Status Flags
r-devel-linux-x86_64-debian-clang 0.2.2 2.26 33.93 36.19 NOTE
r-devel-linux-x86_64-debian-gcc 0.2.2 1.28 26.56 27.84 NOTE
r-devel-linux-x86_64-fedora-clang 0.2.2 62.01 OK
r-devel-linux-x86_64-fedora-gcc 0.2.2 71.66 OK
r-devel-windows-x86_64 0.2.2 4.00 69.00 73.00 NOTE
r-patched-linux-x86_64 0.2.2 4.14 32.72 36.86 OK
r-release-linux-x86_64 0.2.2 2.39 32.51 34.90 OK
r-release-macos-arm64 0.2.2 29.00 OK
r-release-macos-x86_64 0.2.2 43.00 OK
r-release-windows-x86_64 0.2.2 4.00 68.00 72.00 OK
r-oldrel-macos-arm64 0.2.2 28.00 OK
r-oldrel-macos-x86_64 0.2.2 44.00 OK
r-oldrel-windows-x86_64 0.2.2 4.00 65.00 69.00 OK

Check Details

Version: 0.2.2
Check: Rd cross-references
Result: NOTE Found the following Rd file(s) with Rd \link{} targets missing package anchors: anim.save.Rd: saveGIF Please provide package anchors for all Rd \link{} targets not in the package itself and the base packages. Flavors: r-devel-linux-x86_64-debian-clang, r-devel-linux-x86_64-debian-gcc, r-devel-windows-x86_64