CRAN Package Check Results for Package altadata

Last updated on 2025-05-09 20:49:44 CEST.

Flavor Version Tinstall Tcheck Ttotal Status Flags
r-devel-linux-x86_64-debian-clang 0.1.1 1.83 18.06 19.89 OK
r-devel-linux-x86_64-debian-gcc 0.1.1 1.37 14.36 15.73 OK
r-devel-linux-x86_64-fedora-clang 0.1.1 30.16 OK
r-devel-linux-x86_64-fedora-gcc 0.1.1 28.96 OK
r-devel-windows-x86_64 0.1.1 3.00 41.00 44.00 OK
r-patched-linux-x86_64 0.1.1 1.62 16.98 18.60 OK
r-release-linux-x86_64 0.1.1 1.87 16.88 18.75 OK
r-release-macos-arm64 0.1.1 16.00 OK
r-release-macos-x86_64 0.1.1 24.00 OK
r-release-windows-x86_64 0.1.1 4.00 41.00 45.00 OK
r-oldrel-macos-arm64 0.1.1 14.00 NOTE
r-oldrel-macos-x86_64 0.1.1 18.00 NOTE
r-oldrel-windows-x86_64 0.1.1 4.00 45.00 49.00 NOTE

Check Details

Version: 0.1.1
Check: LazyData
Result: NOTE 'LazyData' is specified without a 'data' directory Flavors: r-oldrel-macos-arm64, r-oldrel-macos-x86_64, r-oldrel-windows-x86_64