Last updated on 2025-01-19 15:48:16 CET.
Flavor | Version | Tinstall | Tcheck | Ttotal | Status | Flags |
---|---|---|---|---|---|---|
r-devel-linux-x86_64-debian-clang | 1.20.1 | 26.56 | 62.85 | 89.41 | NOTE | |
r-devel-linux-x86_64-debian-gcc | 1.20.1 | 18.89 | 47.47 | 66.36 | NOTE | |
r-devel-linux-x86_64-fedora-clang | 1.20.1 | 155.86 | NOTE | |||
r-devel-linux-x86_64-fedora-gcc | 1.20.1 | 172.92 | NOTE | |||
r-devel-windows-x86_64 | 1.20.1 | 28.00 | 92.00 | 120.00 | NOTE | |
r-patched-linux-x86_64 | 1.20.1 | 25.77 | 59.22 | 84.99 | NOTE | |
r-release-linux-x86_64 | 1.20.1 | 26.75 | 58.48 | 85.23 | NOTE | |
r-release-macos-arm64 | 1.20.1 | 48.00 | NOTE | |||
r-release-macos-x86_64 | 1.20.1 | 71.00 | NOTE | |||
r-release-windows-x86_64 | 1.20.1 | 27.00 | 89.00 | 116.00 | NOTE | |
r-oldrel-macos-arm64 | 1.20.1 | 44.00 | NOTE | |||
r-oldrel-macos-x86_64 | 1.20.1 | 69.00 | NOTE | |||
r-oldrel-windows-x86_64 | 1.20.1 | 33.00 | 107.00 | 140.00 | NOTE |
Version: 1.20.1
Check: C++ specification
Result: NOTE
Specified C++11: please drop specification unless essential
Flavors: r-devel-linux-x86_64-debian-clang, r-devel-linux-x86_64-debian-gcc, r-devel-linux-x86_64-fedora-clang, r-devel-linux-x86_64-fedora-gcc, r-devel-windows-x86_64, r-patched-linux-x86_64, r-release-linux-x86_64, r-release-macos-arm64, r-release-macos-x86_64, r-release-windows-x86_64, r-oldrel-macos-arm64, r-oldrel-macos-x86_64, r-oldrel-windows-x86_64