Last updated on 2025-05-25 00:49:54 CEST.
Flavor | Version | Tinstall | Tcheck | Ttotal | Status | Flags |
---|---|---|---|---|---|---|
r-devel-linux-x86_64-debian-clang | 0.5-3 | 10.88 | 80.44 | 91.32 | NOTE | |
r-devel-linux-x86_64-debian-gcc | 0.5-3 | 8.13 | 61.00 | 69.13 | NOTE | |
r-devel-linux-x86_64-fedora-clang | 0.5-3 | 141.87 | OK | |||
r-devel-linux-x86_64-fedora-gcc | 0.5-3 | 136.28 | OK | |||
r-devel-windows-x86_64 | 0.5-3 | 13.00 | 125.00 | 138.00 | OK | |
r-patched-linux-x86_64 | 0.5-3 | 10.89 | 77.85 | 88.74 | OK | |
r-release-linux-x86_64 | 0.5-3 | 10.60 | 77.75 | 88.35 | OK | |
r-release-macos-arm64 | 0.5-3 | 46.00 | OK | |||
r-release-macos-x86_64 | 0.5-3 | 85.00 | OK | |||
r-release-windows-x86_64 | 0.5-3 | 12.00 | 89.00 | 101.00 | OK | |
r-oldrel-macos-arm64 | 0.5-3 | 39.00 | OK | |||
r-oldrel-macos-x86_64 | 0.5-3 | 76.00 | OK | |||
r-oldrel-windows-x86_64 | 0.5-3 | 16.00 | 105.00 | 121.00 | OK |
Version: 0.5-3
Check: CRAN incoming feasibility
Result: NOTE
Maintainer: ‘Dai Feng <daifeng.stat@gmail.com>’
No Authors@R field in DESCRIPTION.
Please add one, modifying
Authors@R: person(given = "Dai",
family = "Feng",
role = c("aut", "cre"),
email = "daifeng.stat@gmail.com")
as necessary.
Flavors: r-devel-linux-x86_64-debian-clang, r-devel-linux-x86_64-debian-gcc