CRAN Package Check Results for Package adsDataHubR

Last updated on 2025-01-12 23:49:19 CET.

Flavor Version Tinstall Tcheck Ttotal Status Flags
r-devel-linux-x86_64-debian-clang 0.1.1 2.33 24.99 27.32 OK
r-devel-linux-x86_64-debian-gcc 0.1.1 2.20 19.59 21.79 OK
r-devel-linux-x86_64-fedora-clang 0.1.1 44.59 OK
r-devel-linux-x86_64-fedora-gcc 0.1.1 45.94 OK
r-devel-windows-x86_64 0.1.1 4.00 47.00 51.00 OK
r-patched-linux-x86_64 0.1.1 2.43 23.73 26.16 NOTE
r-release-linux-x86_64 0.1.1 2.10 23.97 26.07 NOTE
r-release-macos-arm64 0.1.1 18.00 NOTE
r-release-macos-x86_64 0.1.1 31.00 NOTE
r-release-windows-x86_64 0.1.1 4.00 45.00 49.00 NOTE
r-oldrel-macos-arm64 0.1.1 18.00 NOTE
r-oldrel-macos-x86_64 0.1.1 25.00 NOTE
r-oldrel-windows-x86_64 0.1.1 5.00 48.00 53.00 NOTE

Check Details

Version: 0.1.1
Check: LazyData
Result: NOTE 'LazyData' is specified without a 'data' directory Flavors: r-patched-linux-x86_64, r-release-linux-x86_64, r-release-macos-arm64, r-release-macos-x86_64, r-release-windows-x86_64, r-oldrel-macos-arm64, r-oldrel-macos-x86_64, r-oldrel-windows-x86_64