Last updated on 2025-05-25 04:50:37 CEST.
Flavor | Version | Tinstall | Tcheck | Ttotal | Status | Flags |
---|---|---|---|---|---|---|
r-devel-linux-x86_64-debian-clang | 6.7.0 | 2.06 | 21.04 | 23.10 | NOTE | |
r-devel-linux-x86_64-debian-gcc | 6.8.0 | 1.63 | 17.05 | 18.68 | OK | |
r-devel-linux-x86_64-fedora-clang | 6.8.0 | 38.67 | OK | |||
r-devel-linux-x86_64-fedora-gcc | 6.8.0 | 36.81 | OK | |||
r-devel-windows-x86_64 | 6.8.0 | 8.00 | 65.00 | 73.00 | OK | |
r-patched-linux-x86_64 | 6.7.0 | 2.16 | 20.68 | 22.84 | OK | |
r-release-linux-x86_64 | 6.8.0 | 1.97 | 20.44 | 22.41 | OK | |
r-release-macos-arm64 | 6.8.0 | 37.00 | OK | |||
r-release-macos-x86_64 | 6.8.0 | 28.00 | OK | |||
r-release-windows-x86_64 | 6.8.0 | 9.00 | 67.00 | 76.00 | OK | |
r-oldrel-macos-arm64 | 6.8.0 | 34.00 | OK | |||
r-oldrel-macos-x86_64 | 6.8.0 | 62.00 | OK | |||
r-oldrel-windows-x86_64 | 6.8.0 | 4.00 | 58.00 | 62.00 | OK |
Version: 6.7.0
Check: CRAN incoming feasibility
Result: NOTE
Maintainer: ‘Marc Schwartz <marc_schwartz@me.com>’
No Authors@R field in DESCRIPTION.
Please add one, modifying
Authors@R: c(person(given = "Marc",
family = "Schwartz",
role = c("aut", "cre"),
email = "marc_schwartz@me.com"),
person(given = c("various", "authors", "for", "Perl", "modules", "listed", "in", "each", ".pm"),
family = "file.",
role = "aut"))
as necessary.
Flavor: r-devel-linux-x86_64-debian-clang