Last updated on 2025-05-25 00:50:17 CEST.
Flavor | Version | Tinstall | Tcheck | Ttotal | Status | Flags |
---|---|---|---|---|---|---|
r-devel-linux-x86_64-debian-clang | 1.0 | 4.14 | 36.74 | 40.88 | OK | |
r-devel-linux-x86_64-debian-gcc | 1.0 | 3.34 | 27.59 | 30.93 | OK | |
r-devel-linux-x86_64-fedora-clang | 1.0 | 65.24 | OK | |||
r-devel-linux-x86_64-fedora-gcc | 1.0 | 62.08 | OK | |||
r-devel-windows-x86_64 | 1.0 | 7.00 | 80.00 | 87.00 | OK | |
r-patched-linux-x86_64 | 1.0 | 4.01 | 35.03 | 39.04 | OK | |
r-release-linux-x86_64 | 1.0 | 4.07 | 34.69 | 38.76 | OK | |
r-release-macos-arm64 | 1.0 | 27.00 | OK | |||
r-release-macos-x86_64 | 1.0 | 43.00 | OK | |||
r-release-windows-x86_64 | 1.0 | 5.00 | 52.00 | 57.00 | OK | |
r-oldrel-macos-arm64 | 1.0 | 23.00 | NOTE | |||
r-oldrel-macos-x86_64 | 1.0 | 31.00 | NOTE | |||
r-oldrel-windows-x86_64 | 1.0 | 6.00 | 60.00 | 66.00 | NOTE |
Version: 1.0
Check: LazyData
Result: NOTE
'LazyData' is specified without a 'data' directory
Flavors: r-oldrel-macos-arm64, r-oldrel-macos-x86_64, r-oldrel-windows-x86_64