Last updated on 2025-05-25 04:50:32 CEST.
Flavor | Version | Tinstall | Tcheck | Ttotal | Status | Flags |
---|---|---|---|---|---|---|
r-devel-linux-x86_64-debian-clang | 1.3 | 5.55 | 23.41 | 28.96 | NOTE | |
r-devel-linux-x86_64-debian-gcc | 1.3 | 4.30 | 18.26 | 22.56 | NOTE | |
r-devel-linux-x86_64-fedora-clang | 1.3 | 48.01 | OK | |||
r-devel-linux-x86_64-fedora-gcc | 1.3 | 44.32 | OK | |||
r-devel-windows-x86_64 | 1.3 | 8.00 | 49.00 | 57.00 | OK | |
r-patched-linux-x86_64 | 1.3 | 5.60 | 22.04 | 27.64 | OK | |
r-release-linux-x86_64 | 1.3 | 5.61 | 22.35 | 27.96 | OK | |
r-release-macos-arm64 | 1.3 | 18.00 | OK | |||
r-release-macos-x86_64 | 1.3 | 48.00 | OK | |||
r-release-windows-x86_64 | 1.3 | 10.00 | 50.00 | 60.00 | OK | |
r-oldrel-macos-arm64 | 1.3 | 20.00 | OK | |||
r-oldrel-macos-x86_64 | 1.3 | 37.00 | OK | |||
r-oldrel-windows-x86_64 | 1.3 | 7.00 | 48.00 | 55.00 | OK |
Version: 1.3
Check: CRAN incoming feasibility
Result: NOTE
Maintainer: ‘Noah Simon <nrsimon@uw.edu>’
No Authors@R field in DESCRIPTION.
Please add one, modifying
Authors@R: c(person(given = "Noah",
family = "Simon",
role = c("aut", "cre"),
email = "nrsimon@uw.edu"),
person(given = "Jerome",
family = "Friedman",
role = "aut"),
person(given = "Trevor",
family = "Hastie",
role = "aut"),
person(given = "Rob",
family = "Tibshirani",
role = "aut"))
as necessary.
Flavors: r-devel-linux-x86_64-debian-clang, r-devel-linux-x86_64-debian-gcc