Last updated on 2025-07-16 04:50:21 CEST.
Flavor | Version | Tinstall | Tcheck | Ttotal | Status | Flags |
---|---|---|---|---|---|---|
r-devel-linux-x86_64-debian-clang | 5.1.10 | 40.78 | 52.67 | 93.45 | OK | |
r-devel-linux-x86_64-debian-gcc | 5.1.10 | 27.85 | 40.84 | 68.69 | OK | |
r-devel-linux-x86_64-fedora-clang | 5.1.10 | 206.92 | OK | |||
r-devel-linux-x86_64-fedora-gcc | 5.1.10 | 164.05 | OK | |||
r-devel-windows-x86_64 | 5.1.10 | 166.00 | 102.00 | 268.00 | OK | |
r-patched-linux-x86_64 | 5.1.10 | 37.99 | 51.03 | 89.02 | OK | |
r-release-linux-x86_64 | 5.1.10 | 36.25 | 50.30 | 86.55 | OK | |
r-release-macos-arm64 | 5.1.10 | 58.00 | OK | |||
r-release-macos-x86_64 | 5.1.10 | 111.00 | OK | |||
r-release-windows-x86_64 | 5.1.10 | 171.00 | 120.00 | 291.00 | OK | |
r-oldrel-macos-arm64 | 5.1.10 | 52.00 | NOTE | |||
r-oldrel-macos-x86_64 | 5.1.10 | 137.00 | NOTE | |||
r-oldrel-windows-x86_64 | 5.1.10 | 170.00 | 119.00 | 289.00 | NOTE |
Version: 5.1.10
Check: for GNU extensions in Makefiles
Result: NOTE
GNU make is a SystemRequirements.
Flavors: r-oldrel-macos-arm64, r-oldrel-macos-x86_64, r-oldrel-windows-x86_64