Last updated on 2025-05-24 22:50:16 CEST.
Flavor | Version | Tinstall | Tcheck | Ttotal | Status | Flags |
---|---|---|---|---|---|---|
r-devel-linux-x86_64-debian-clang | 0.6-0 | 27.61 | 106.47 | 134.08 | OK | |
r-devel-linux-x86_64-debian-gcc | 0.6-0 | 23.64 | 89.82 | 113.46 | OK | |
r-devel-linux-x86_64-fedora-clang | 0.6-0 | 229.22 | OK | |||
r-devel-linux-x86_64-fedora-gcc | 0.6-0 | 300.84 | OK | |||
r-devel-windows-x86_64 | 0.6-0 | 40.00 | 204.00 | 244.00 | OK | |
r-patched-linux-x86_64 | 0.6-0 | 32.03 | 114.78 | 146.81 | OK | |
r-release-linux-x86_64 | 0.6-0 | 31.72 | 117.36 | 149.08 | OK | |
r-release-macos-arm64 | 0.6-0 | 66.00 | OK | |||
r-release-macos-x86_64 | 0.6-0 | 146.00 | OK | |||
r-release-windows-x86_64 | 0.6-0 | 36.00 | 194.00 | 230.00 | OK | |
r-oldrel-macos-arm64 | 0.6-0 | 65.00 | NOTE | |||
r-oldrel-macos-x86_64 | 0.6-0 | 111.00 | NOTE | |||
r-oldrel-windows-x86_64 | 0.6-0 | 45.00 | 209.00 | 254.00 | OK |
Version: 0.6-0
Check: installed package size
Result: NOTE
installed size is 6.6Mb
sub-directories of 1Mb or more:
libs 6.0Mb
Flavors: r-oldrel-macos-arm64, r-oldrel-macos-x86_64