CRAN Package Check Results for Package RcppCNPy

Last updated on 2025-01-21 19:49:40 CET.

Flavor Version Tinstall Tcheck Ttotal Status Flags
r-devel-linux-x86_64-debian-clang 0.2.13 15.36 31.34 46.70 OK
r-devel-linux-x86_64-debian-gcc 0.2.13 10.41 26.97 37.38 NOTE
r-devel-linux-x86_64-fedora-clang 0.2.13 81.18 OK
r-devel-linux-x86_64-fedora-gcc 0.2.13 93.11 OK
r-devel-windows-x86_64 0.2.13 16.00 104.00 120.00 OK
r-patched-linux-x86_64 0.2.13 15.17 30.19 45.36 OK
r-release-linux-x86_64 0.2.13 14.67 30.29 44.96 OK
r-release-macos-arm64 0.2.13 50.00 OK
r-release-macos-x86_64 0.2.13 83.00 OK
r-release-windows-x86_64 0.2.13 17.00 140.00 157.00 OK
r-oldrel-macos-arm64 0.2.13 44.00 OK
r-oldrel-macos-x86_64 0.2.13 100.00 OK
r-oldrel-windows-x86_64 0.2.13 22.00 95.00 117.00 OK

Check Details

Version: 0.2.13
Check: for unstated dependencies in ‘demo’
Result: NOTE 'library' or 'require' call not declared from: ‘rbenchmark’ Flavor: r-devel-linux-x86_64-debian-gcc