Last updated on 2025-05-24 22:50:16 CEST.
Flavor | Version | Tinstall | Tcheck | Ttotal | Status | Flags |
---|---|---|---|---|---|---|
r-devel-linux-x86_64-debian-clang | 1.1.3 | 34.10 | 190.08 | 224.18 | NOTE | |
r-devel-linux-x86_64-debian-gcc | 1.1.3 | 25.29 | 145.33 | 170.62 | NOTE | |
r-devel-linux-x86_64-fedora-clang | 1.1.3 | 350.75 | OK | |||
r-devel-linux-x86_64-fedora-gcc | 1.1.3 | 317.08 | OK | |||
r-devel-windows-x86_64 | 1.1.3 | 56.00 | 322.00 | 378.00 | NOTE | |
r-patched-linux-x86_64 | 1.1.3 | 34.62 | 181.48 | 216.10 | NOTE | |
r-release-linux-x86_64 | 1.1.3 | 33.33 | 180.99 | 214.32 | NOTE | |
r-release-macos-arm64 | 1.1.3 | 137.00 | OK | |||
r-release-macos-x86_64 | 1.1.3 | 191.00 | OK | |||
r-release-windows-x86_64 | 1.1.3 | 30.00 | 189.00 | 219.00 | NOTE | |
r-oldrel-macos-arm64 | 1.1.3 | 130.00 | OK | |||
r-oldrel-macos-x86_64 | 1.1.3 | 151.00 | OK | |||
r-oldrel-windows-x86_64 | 1.1.3 | 37.00 | 215.00 | 252.00 | OK |
Version: 1.1.3
Check: Rd cross-references
Result: NOTE
Found the following Rd file(s) with Rd \link{} targets missing package
anchors:
GUI_RandomANOVA.Rd: lmer
RcmdrPlugin.TeachStat-package.Rd: Rcmdr
Utilities.Rd: distr, DiscreteDistribution, AbscontDistribution
aovreml.Rd: lmer
aovremm.Rd: lmer
characRV.Rd: E, skewness, kurtosis
priceIndexNum.Rd: priceIndex
Please provide package anchors for all Rd \link{} targets not in the
package itself and the base packages.
Flavors: r-devel-linux-x86_64-debian-clang, r-devel-linux-x86_64-debian-gcc, r-devel-windows-x86_64, r-patched-linux-x86_64, r-release-linux-x86_64, r-release-windows-x86_64