CRAN Package Check Results for Package PersianStemmer

Last updated on 2025-05-25 08:52:31 CEST.

Flavor Version Tinstall Tcheck Ttotal Status Flags
r-devel-linux-x86_64-debian-clang 1.0 2.23 23.73 25.96 NOTE
r-devel-linux-x86_64-debian-gcc 1.0 1.73 18.48 20.21 NOTE
r-devel-linux-x86_64-fedora-clang 1.0 43.48 OK
r-devel-linux-x86_64-fedora-gcc 1.0 39.50 OK
r-devel-windows-x86_64 1.0 6.00 42.00 48.00 OK
r-patched-linux-x86_64 1.0 2.51 22.38 24.89 OK
r-release-linux-x86_64 1.0 2.68 22.14 24.82 OK
r-release-macos-arm64 1.0 17.00 OK
r-release-macos-x86_64 1.0 25.00 OK
r-release-windows-x86_64 1.0 5.00 41.00 46.00 OK
r-oldrel-macos-arm64 1.0 16.00 OK
r-oldrel-macos-x86_64 1.0 24.00 OK
r-oldrel-windows-x86_64 1.0 4.00 41.00 45.00 OK

Check Details

Version: 1.0
Check: CRAN incoming feasibility
Result: NOTE Maintainer: ‘Roozbeh Safshekan <rse@mit.edu>’ No Authors@R field in DESCRIPTION. Please add one, modifying Authors@R: c(person(given = "Roozbeh", family = "Safshekan", role = c("aut", "cre"), email = "rse@mit.edu"), person(given = "Rich", family = "Nielsen", role = "aut")) as necessary. Flavors: r-devel-linux-x86_64-debian-clang, r-devel-linux-x86_64-debian-gcc