Last updated on 2025-05-25 04:50:25 CEST.
Flavor | Version | Tinstall | Tcheck | Ttotal | Status | Flags |
---|---|---|---|---|---|---|
r-devel-linux-x86_64-debian-clang | 0.1.19 | 12.47 | 87.40 | 99.87 | NOTE | |
r-devel-linux-x86_64-debian-gcc | 0.1.19 | 7.63 | 61.87 | 69.50 | NOTE | |
r-devel-linux-x86_64-fedora-clang | 0.1.19 | 159.58 | OK | |||
r-devel-linux-x86_64-fedora-gcc | 0.1.19 | 146.68 | OK | |||
r-devel-windows-x86_64 | 0.1.19 | 13.00 | 97.00 | 110.00 | OK | |
r-patched-linux-x86_64 | 0.1.19 | 12.05 | 82.62 | 94.67 | OK | |
r-release-linux-x86_64 | 0.1.19 | 11.46 | 83.09 | 94.55 | OK | |
r-release-macos-arm64 | 0.1.19 | 59.00 | OK | |||
r-release-macos-x86_64 | 0.1.19 | 79.00 | OK | |||
r-release-windows-x86_64 | 0.1.19 | 11.00 | 93.00 | 104.00 | OK | |
r-oldrel-macos-arm64 | 0.1.19 | 43.00 | OK | |||
r-oldrel-macos-x86_64 | 0.1.19 | 71.00 | OK | |||
r-oldrel-windows-x86_64 | 0.1.19 | 17.00 | 119.00 | 136.00 | OK |
Version: 0.1.19
Check: CRAN incoming feasibility
Result: NOTE
Maintainer: ‘Aurobindh Kalathil Puthanpura <kalat2@pdx.edu>’
No Authors@R field in DESCRIPTION.
Please add one, modifying
Authors@R: person(given = c("Aurobindh", "Kalathil"),
family = "Puthanpura",
role = c("aut", "cre"),
email = "kalat2@pdx.edu")
as necessary.
Flavors: r-devel-linux-x86_64-debian-clang, r-devel-linux-x86_64-debian-gcc