Last updated on 2025-05-24 22:50:10 CEST.
Flavor | Version | Tinstall | Tcheck | Ttotal | Status | Flags |
---|---|---|---|---|---|---|
r-devel-linux-x86_64-debian-clang | 4.0.3 | 7.59 | 60.35 | 67.94 | NOTE | |
r-devel-linux-x86_64-debian-gcc | 4.0.3 | 5.65 | 44.73 | 50.38 | NOTE | |
r-devel-linux-x86_64-fedora-clang | 4.0.3 | 105.01 | NOTE | |||
r-devel-linux-x86_64-fedora-gcc | 4.0.3 | 100.07 | NOTE | |||
r-devel-windows-x86_64 | 4.0.3 | 7.00 | 117.00 | 124.00 | NOTE | |
r-patched-linux-x86_64 | 4.0.3 | 8.17 | 56.87 | 65.04 | NOTE | |
r-release-linux-x86_64 | 4.0.3 | 7.31 | 57.19 | 64.50 | NOTE | |
r-release-macos-arm64 | 4.0.3 | 36.00 | NOTE | |||
r-release-macos-x86_64 | 4.0.3 | 67.00 | NOTE | |||
r-release-windows-x86_64 | 4.0.3 | 7.00 | 77.00 | 84.00 | NOTE | |
r-oldrel-macos-arm64 | 4.0.3 | 32.00 | NOTE | |||
r-oldrel-macos-x86_64 | 4.0.3 | 45.00 | NOTE | |||
r-oldrel-windows-x86_64 | 4.0.3 | 10.00 | 86.00 | 96.00 | NOTE |
Version: 4.0.3
Check: CRAN incoming feasibility
Result: NOTE
Maintainer: ‘Guillaume Chapron <gchapron@carnivoreconservation.org>’
No Authors@R field in DESCRIPTION.
Please add one, modifying
Authors@R: c(person(given = "Iadine",
family = "Chades",
role = "aut"),
person(given = "Guillaume",
family = "Chapron",
role = c("aut", "cre"),
email = "gchapron@carnivoreconservation.org"),
person(given = "Marie-Josee",
family = "Cros",
role = "aut"),
person(given = "Frederick",
family = "Garcia",
role = "aut"),
person(given = "Regis",
family = "Sabbadin",
role = "aut"))
as necessary.
Flavors: r-devel-linux-x86_64-debian-clang, r-devel-linux-x86_64-debian-gcc
Version: 4.0.3
Check: Rd files
Result: NOTE
checkRd: (-1) mdp_example_forest.Rd:36: Lost braces; missing escapes or markup?
36 | Let {1, ... S} be the states of the forest. the Sth state being the oldest.
| ^
Flavors: r-devel-linux-x86_64-debian-clang, r-devel-linux-x86_64-debian-gcc, r-devel-linux-x86_64-fedora-clang, r-devel-linux-x86_64-fedora-gcc, r-devel-windows-x86_64, r-patched-linux-x86_64, r-release-linux-x86_64, r-release-macos-arm64, r-release-macos-x86_64, r-release-windows-x86_64, r-oldrel-macos-arm64, r-oldrel-macos-x86_64, r-oldrel-windows-x86_64