Last updated on 2025-05-25 02:50:11 CEST.
Flavor | Version | Tinstall | Tcheck | Ttotal | Status | Flags |
---|---|---|---|---|---|---|
r-devel-linux-x86_64-debian-clang | 1.0.0 | 1.66 | 20.33 | 21.99 | NOTE | |
r-devel-linux-x86_64-debian-gcc | 1.0.0 | 1.60 | 16.23 | 17.83 | NOTE | |
r-devel-linux-x86_64-fedora-clang | 1.0.0 | 35.43 | OK | |||
r-devel-linux-x86_64-fedora-gcc | 1.0.0 | 33.02 | OK | |||
r-devel-windows-x86_64 | 1.0.0 | 3.00 | 77.00 | 80.00 | OK | |
r-patched-linux-x86_64 | 1.0.0 | 1.88 | 19.76 | 21.64 | OK | |
r-release-linux-x86_64 | 1.0.0 | 1.73 | 19.50 | 21.23 | OK | |
r-release-macos-arm64 | 1.0.0 | 17.00 | OK | |||
r-release-macos-x86_64 | 1.0.0 | 24.00 | OK | |||
r-release-windows-x86_64 | 1.0.0 | 3.00 | 43.00 | 46.00 | OK | |
r-oldrel-macos-arm64 | 1.0.0 | 16.00 | OK | |||
r-oldrel-macos-x86_64 | 1.0.0 | 21.00 | OK | |||
r-oldrel-windows-x86_64 | 1.0.0 | 3.00 | 46.00 | 49.00 | OK |
Version: 1.0.0
Check: CRAN incoming feasibility
Result: NOTE
Maintainer: ‘Sergio Andrés Cabrera Miranda <sergio05acm@gmail.com>’
No Authors@R field in DESCRIPTION.
Please add one, modifying
Authors@R: c(person(given = c("Sergio", "Andrés", "Cabrera"),
family = "Miranda",
role = c("aut", "cre"),
email = "https://orcid.org/0000-0002-8126-8521"),
person(given = c("Juan", "Gabriel", "Triana"),
family = "Laverde",
role = "aut",
email = "https://orcid.org/0000-0003-2991-6082"))
as necessary.
Flavors: r-devel-linux-x86_64-debian-clang, r-devel-linux-x86_64-debian-gcc