CRAN Package Check Results for Package LSAMBA

Last updated on 2025-05-25 00:50:07 CEST.

Flavor Version Tinstall Tcheck Ttotal Status Flags
r-devel-linux-x86_64-debian-clang 2024.1.0 9.28 55.88 65.16 OK
r-devel-linux-x86_64-debian-gcc 2024.1.0 5.93 37.80 43.73 OK
r-devel-linux-x86_64-fedora-clang 2024.1.0 96.82 NOTE
r-devel-linux-x86_64-fedora-gcc 2024.1.0 56.15 NOTE
r-devel-windows-x86_64 2024.1.0 13.00 79.00 92.00 OK
r-patched-linux-x86_64 2024.1.0 8.35 48.95 57.30 OK
r-release-linux-x86_64 2024.1.0 7.43 49.45 56.88 OK
r-release-macos-arm64 2024.1.0 30.00 OK
r-release-macos-x86_64 2024.1.0 62.00 OK
r-release-windows-x86_64 2024.1.0 9.00 62.00 71.00 OK
r-oldrel-macos-arm64 2024.1.0 32.00 OK
r-oldrel-macos-x86_64 2024.1.0 67.00 OK
r-oldrel-windows-x86_64 2024.1.0 12.00 82.00 94.00 OK

Check Details

Version: 2024.1.0
Check: dependencies in R code
Result: NOTE Namespaces in Imports field not imported from: ‘ggplot2’ ‘grDevices’ ‘latex2exp’ All declared Imports should be used. Flavors: r-devel-linux-x86_64-fedora-clang, r-devel-linux-x86_64-fedora-gcc