Last updated on 2025-01-17 12:55:43 CET.
Flavor | Version | Tinstall | Tcheck | Ttotal | Status | Flags |
---|---|---|---|---|---|---|
r-devel-linux-x86_64-debian-clang | 0.5.1 | 49.31 | 73.14 | 122.45 | OK | |
r-devel-linux-x86_64-debian-gcc | 0.5.1 | 38.50 | 49.99 | 88.49 | OK | |
r-devel-linux-x86_64-fedora-clang | 0.5.1 | 202.34 | OK | |||
r-devel-linux-x86_64-fedora-gcc | 0.5.1 | 216.35 | OK | |||
r-devel-windows-x86_64 | 0.5.1 | 52.00 | 120.00 | 172.00 | OK | |
r-patched-linux-x86_64 | 0.5.1 | 56.49 | 57.43 | 113.92 | OK | |
r-release-linux-x86_64 | 0.5.1 | 53.33 | 55.96 | 109.29 | OK | |
r-release-macos-arm64 | 0.5.1 | 51.00 | NOTE | |||
r-release-macos-x86_64 | 0.5.1 | 132.00 | NOTE | |||
r-release-windows-x86_64 | 0.5.1 | 53.00 | 116.00 | 169.00 | OK | |
r-oldrel-macos-arm64 | 0.5.1 | 56.00 | NOTE | |||
r-oldrel-macos-x86_64 | 0.5.1 | 116.00 | NOTE | |||
r-oldrel-windows-x86_64 | 0.5.1 | 62.00 | 127.00 | 189.00 | OK |
Version: 0.5.1
Check: installed package size
Result: NOTE
installed size is 8.0Mb
sub-directories of 1Mb or more:
data 1.4Mb
libs 6.3Mb
Flavors: r-release-macos-arm64, r-release-macos-x86_64, r-oldrel-macos-arm64, r-oldrel-macos-x86_64