Last updated on 2025-05-25 04:50:20 CEST.
Flavor | Version | Tinstall | Tcheck | Ttotal | Status | Flags |
---|---|---|---|---|---|---|
r-devel-linux-x86_64-debian-clang | 1.5 | 3.22 | 173.43 | 176.65 | NOTE | |
r-devel-linux-x86_64-debian-gcc | 1.5 | 2.56 | 115.75 | 118.31 | NOTE | |
r-devel-linux-x86_64-fedora-clang | 1.5 | 286.87 | OK | |||
r-devel-linux-x86_64-fedora-gcc | 1.5 | 301.99 | OK | |||
r-devel-windows-x86_64 | 1.5 | 5.00 | 216.00 | 221.00 | OK | |
r-patched-linux-x86_64 | 1.5 | 3.30 | 165.03 | 168.33 | OK | |
r-release-linux-x86_64 | 1.5 | 3.05 | 165.66 | 168.71 | OK | |
r-release-macos-arm64 | 1.5 | 77.00 | OK | |||
r-release-macos-x86_64 | 1.5 | 187.00 | OK | |||
r-release-windows-x86_64 | 1.5 | 4.00 | 185.00 | 189.00 | OK | |
r-oldrel-macos-arm64 | 1.5 | 81.00 | OK | |||
r-oldrel-macos-x86_64 | 1.5 | 152.00 | OK | |||
r-oldrel-windows-x86_64 | 1.5 | 4.00 | 193.00 | 197.00 | OK |
Version: 1.5
Check: CRAN incoming feasibility
Result: NOTE
Maintainer: ‘Cyprien Mbogning <cyprien.mbogning@gmail.com>’
No Authors@R field in DESCRIPTION.
Please add one, modifying
Authors@R: c(person(given = "Cyprien",
family = "Mbogning",
role = c("aut", "cre"),
email = "cyprien.mbogning@inserm.fr"),
person(given = "Wilson",
family = "Toussile",
role = "aut"))
as necessary.
Flavors: r-devel-linux-x86_64-debian-clang, r-devel-linux-x86_64-debian-gcc