Last updated on 2025-05-09 12:50:15 CEST.
Flavor | Version | Tinstall | Tcheck | Ttotal | Status | Flags |
---|---|---|---|---|---|---|
r-devel-linux-x86_64-debian-clang | 1.0.0 | 114.56 | 526.81 | 641.37 | OK | |
r-devel-linux-x86_64-debian-gcc | 1.0.0 | 83.82 | 367.87 | 451.69 | OK | |
r-devel-linux-x86_64-fedora-clang | 1.0.0 | 1024.97 | OK | |||
r-devel-linux-x86_64-fedora-gcc | 1.0.0 | 1052.03 | OK | |||
r-devel-windows-x86_64 | 1.0.0 | 112.00 | 462.00 | 574.00 | OK | |
r-patched-linux-x86_64 | 1.0.0 | 117.11 | 511.74 | 628.85 | OK | |
r-release-linux-x86_64 | 1.0.0 | 110.75 | 510.02 | 620.77 | OK | |
r-release-macos-arm64 | 1.0.0 | 236.00 | OK | |||
r-release-macos-x86_64 | 1.0.0 | 527.00 | OK | |||
r-release-windows-x86_64 | 1.0.0 | 121.00 | 460.00 | 581.00 | OK | |
r-oldrel-macos-arm64 | 1.0.0 | 243.00 | NOTE | |||
r-oldrel-macos-x86_64 | 1.0.0 | 319.00 | NOTE | |||
r-oldrel-windows-x86_64 | 1.0.0 | 143.00 | 649.00 | 792.00 | OK |
Version: 1.0.0
Check: installed package size
Result: NOTE
installed size is 31.4Mb
sub-directories of 1Mb or more:
libs 30.7Mb
Flavors: r-oldrel-macos-arm64, r-oldrel-macos-x86_64