Last updated on 2025-05-25 00:50:01 CEST.
Flavor | Version | Tinstall | Tcheck | Ttotal | Status | Flags |
---|---|---|---|---|---|---|
r-devel-linux-x86_64-debian-clang | 0.4.0 | 104.20 | 1129.37 | 1233.57 | OK | |
r-devel-linux-x86_64-debian-gcc | 0.4.0 | 67.82 | 587.75 | 655.57 | OK | |
r-devel-linux-x86_64-fedora-clang | 0.4.0 | 1571.98 | OK | |||
r-devel-linux-x86_64-fedora-gcc | 0.4.0 | 1365.08 | OK | |||
r-devel-windows-x86_64 | 0.4.0 | 85.00 | 685.00 | 770.00 | OK | |
r-patched-linux-x86_64 | 0.4.0 | 86.62 | 786.20 | 872.82 | OK | |
r-release-linux-x86_64 | 0.4.0 | 87.15 | 786.22 | 873.37 | OK | |
r-release-macos-arm64 | 0.4.0 | 394.00 | OK | |||
r-release-macos-x86_64 | 0.4.0 | 530.00 | OK | |||
r-release-windows-x86_64 | 0.4.0 | 86.00 | 661.00 | 747.00 | OK | |
r-oldrel-macos-arm64 | 0.4.0 | 308.00 | NOTE | |||
r-oldrel-macos-x86_64 | 0.4.0 | 581.00 | NOTE | |||
r-oldrel-windows-x86_64 | 0.4.0 | 114.00 | 932.00 | 1046.00 | OK |
Version: 0.4.0
Check: installed package size
Result: NOTE
installed size is 8.3Mb
sub-directories of 1Mb or more:
doc 1.2Mb
libs 6.3Mb
Flavors: r-oldrel-macos-arm64, r-oldrel-macos-x86_64