Last updated on 2025-05-25 00:50:00 CEST.
Flavor | Version | Tinstall | Tcheck | Ttotal | Status | Flags |
---|---|---|---|---|---|---|
r-devel-linux-x86_64-debian-clang | 3.3 | 5.16 | 34.99 | 40.15 | OK | |
r-devel-linux-x86_64-debian-gcc | 3.3 | 3.23 | 24.53 | 27.76 | OK | |
r-devel-linux-x86_64-fedora-clang | 3.3 | 64.82 | OK | |||
r-devel-linux-x86_64-fedora-gcc | 3.3 | 61.41 | OK | |||
r-devel-windows-x86_64 | 3.3 | 7.00 | 53.00 | 60.00 | OK | |
r-patched-linux-x86_64 | 3.3 | 4.48 | 32.50 | 36.98 | OK | |
r-release-linux-x86_64 | 3.3 | 4.55 | 32.80 | 37.35 | OK | |
r-release-macos-arm64 | 3.3 | 23.00 | OK | |||
r-release-macos-x86_64 | 3.3 | 37.00 | OK | |||
r-release-windows-x86_64 | 3.3 | 7.00 | 50.00 | 57.00 | OK | |
r-oldrel-macos-arm64 | 3.3 | 26.00 | NOTE | |||
r-oldrel-macos-x86_64 | 3.3 | 76.00 | NOTE | |||
r-oldrel-windows-x86_64 | 3.3 | 12.00 | 54.00 | 66.00 | NOTE |
Version: 3.3
Check: package dependencies
Result: NOTE
Package suggested but not available for checking: ‘ExactData’
Flavors: r-oldrel-macos-arm64, r-oldrel-macos-x86_64, r-oldrel-windows-x86_64