Last updated on 2025-05-09 18:50:13 CEST.
Flavor | Version | Tinstall | Tcheck | Ttotal | Status | Flags |
---|---|---|---|---|---|---|
r-devel-linux-x86_64-debian-clang | 0.1.0 | 7.14 | 78.63 | 85.77 | NOTE | |
r-devel-linux-x86_64-debian-gcc | 0.1.0 | 5.05 | 55.54 | 60.59 | NOTE | |
r-devel-linux-x86_64-fedora-clang | 0.1.0 | 118.21 | NOTE | |||
r-devel-linux-x86_64-fedora-gcc | 0.1.0 | 134.12 | NOTE | |||
r-devel-windows-x86_64 | 0.1.0 | 10.00 | 87.00 | 97.00 | NOTE | |
r-patched-linux-x86_64 | 0.1.0 | 6.53 | 70.10 | 76.63 | NOTE | |
r-release-linux-x86_64 | 0.1.0 | 5.60 | 70.27 | 75.87 | NOTE | |
r-release-macos-arm64 | 0.1.0 | 72.00 | NOTE | |||
r-release-macos-x86_64 | 0.1.0 | 78.00 | NOTE | |||
r-release-windows-x86_64 | 0.1.0 | 8.00 | 88.00 | 96.00 | NOTE | |
r-oldrel-macos-arm64 | 0.1.0 | 48.00 | OK | |||
r-oldrel-macos-x86_64 | 0.1.0 | 66.00 | OK | |||
r-oldrel-windows-x86_64 | 0.1.0 | 11.00 | 112.00 | 123.00 | OK |
Version: 0.1.0
Check: DESCRIPTION meta-information
Result: NOTE
Missing dependency on R >= 4.2.0 because package code uses the pipe
placeholder syntax added in R 4.2.0.
File(s) using such syntax:
‘ggm.R’ ‘wfdb-structures.R’
Flavors: r-devel-linux-x86_64-debian-clang, r-devel-linux-x86_64-debian-gcc, r-devel-linux-x86_64-fedora-clang, r-devel-linux-x86_64-fedora-gcc, r-devel-windows-x86_64, r-patched-linux-x86_64, r-release-linux-x86_64, r-release-macos-arm64, r-release-macos-x86_64, r-release-windows-x86_64