CRAN Package Check Results for Package DiPs

Last updated on 2025-01-16 15:50:17 CET.

Flavor Version Tinstall Tcheck Ttotal Status Flags
r-devel-linux-x86_64-debian-clang 0.6.4 3.47 29.70 33.17 OK
r-devel-linux-x86_64-debian-gcc 0.6.4 2.47 22.52 24.99 OK
r-devel-linux-x86_64-fedora-clang 0.6.4 55.05 OK
r-devel-linux-x86_64-fedora-gcc 0.6.4 52.06 OK
r-devel-windows-x86_64 0.6.4 4.00 60.00 64.00 OK
r-patched-linux-x86_64 0.6.4 3.11 28.30 31.41 NOTE
r-release-linux-x86_64 0.6.4 3.50 28.43 31.93 NOTE
r-release-macos-arm64 0.6.4 21.00 NOTE
r-release-macos-x86_64 0.6.4 32.00 NOTE
r-release-windows-x86_64 0.6.4 4.00 60.00 64.00 NOTE
r-oldrel-macos-arm64 0.6.4 22.00 NOTE
r-oldrel-macos-x86_64 0.6.4 31.00 NOTE
r-oldrel-windows-x86_64 0.6.4 5.00 60.00 65.00 NOTE

Check Details

Version: 0.6.4
Check: package dependencies
Result: NOTE Package suggested but not available for checking: ‘rrelaxiv’ Flavors: r-patched-linux-x86_64, r-release-linux-x86_64, r-release-macos-arm64, r-release-macos-x86_64, r-release-windows-x86_64, r-oldrel-macos-arm64, r-oldrel-macos-x86_64, r-oldrel-windows-x86_64