Last updated on 2025-05-25 04:50:16 CEST.
Flavor | Version | Tinstall | Tcheck | Ttotal | Status | Flags |
---|---|---|---|---|---|---|
r-devel-linux-x86_64-debian-clang | 1.2 | 26.20 | 223.74 | 249.94 | NOTE | |
r-devel-linux-x86_64-debian-gcc | 1.2 | 20.63 | 161.32 | 181.95 | NOTE | |
r-devel-linux-x86_64-fedora-clang | 1.2 | 390.94 | OK | |||
r-devel-linux-x86_64-fedora-gcc | 1.2 | 366.53 | OK | |||
r-devel-windows-x86_64 | 1.2 | 30.00 | 191.00 | 221.00 | OK | |
r-patched-linux-x86_64 | 1.2 | 26.10 | 211.65 | 237.75 | OK | |
r-release-linux-x86_64 | 1.2 | 23.21 | 211.40 | 234.61 | OK | |
r-release-macos-arm64 | 1.2 | 110.00 | OK | |||
r-release-macos-x86_64 | 1.2 | 210.00 | OK | |||
r-release-windows-x86_64 | 1.2 | 27.00 | 194.00 | 221.00 | OK | |
r-oldrel-macos-arm64 | 1.2 | 97.00 | OK | |||
r-oldrel-macos-x86_64 | 1.2 | 172.00 | OK | |||
r-oldrel-windows-x86_64 | 1.2 | 36.00 | 244.00 | 280.00 | OK |
Version: 1.2
Check: CRAN incoming feasibility
Result: NOTE
Maintainer: ‘Ryan C. Sartor <sartorry@gmail.com>’
No Authors@R field in DESCRIPTION.
Please add one, modifying
Authors@R: c(person(given = c("Ryan", "C."),
family = "Sartor",
role = c("aut", "cre"),
email = "sartorry@gmail.com"),
person(given = "Kathleen",
family = "Greenham",
role = "aut",
email = "greenham@umn.edu"))
as necessary.
Package CITATION file contains call(s) to old-style citEntry(). Please
use bibentry() instead.
Flavors: r-devel-linux-x86_64-debian-clang, r-devel-linux-x86_64-debian-gcc