Last updated on 2025-05-25 10:50:52 CEST.
Flavor | Version | Tinstall | Tcheck | Ttotal | Status | Flags |
---|---|---|---|---|---|---|
r-devel-linux-x86_64-debian-clang | 1.0 | 1.53 | 18.25 | 19.78 | NOTE | |
r-devel-linux-x86_64-debian-gcc | 1.0 | 1.39 | 15.23 | 16.62 | NOTE | |
r-devel-linux-x86_64-fedora-clang | 1.0 | 32.44 | OK | |||
r-devel-linux-x86_64-fedora-gcc | 1.0 | 29.95 | OK | |||
r-devel-windows-x86_64 | 1.0 | 3.00 | 42.00 | 45.00 | OK | |
r-patched-linux-x86_64 | 1.0 | 1.65 | 17.39 | 19.04 | OK | |
r-release-linux-x86_64 | 1.0 | 1.51 | 17.41 | 18.92 | OK | |
r-release-macos-arm64 | 1.0 | 15.00 | OK | |||
r-release-macos-x86_64 | 1.0 | 24.00 | OK | |||
r-release-windows-x86_64 | 1.0 | 3.00 | 42.00 | 45.00 | OK | |
r-oldrel-macos-arm64 | 1.0 | 20.00 | OK | |||
r-oldrel-macos-x86_64 | 1.0 | 21.00 | OK | |||
r-oldrel-windows-x86_64 | 1.0 | 2.00 | 43.00 | 45.00 | OK |
Version: 1.0
Check: CRAN incoming feasibility
Result: NOTE
Maintainer: ‘Abbas Parchami <parchami@uk.ac.ir>’
No Authors@R field in DESCRIPTION.
Please add one, modifying
Authors@R: person(given = "Abbas",
family = "Parchami",
role = c("aut", "cre"),
email = "parchami@uk.ac.ir",
comment = "Department of Statistics, Faculty of Mathematics and Computer, Shahid Bahonar University of Kerman, Kerman, Iran")
as necessary.
Flavors: r-devel-linux-x86_64-debian-clang, r-devel-linux-x86_64-debian-gcc