Last updated on 2025-01-19 21:49:15 CET.
Flavor | Version | Tinstall | Tcheck | Ttotal | Status | Flags |
---|---|---|---|---|---|---|
r-devel-linux-x86_64-debian-clang | 1.0.0 | 53.51 | 105.31 | 158.82 | OK | |
r-devel-linux-x86_64-debian-gcc | 1.0.0 | 42.90 | 80.34 | 123.24 | OK | |
r-devel-linux-x86_64-fedora-clang | 1.0.0 | 276.70 | OK | |||
r-devel-linux-x86_64-fedora-gcc | 1.0.0 | 297.09 | OK | |||
r-devel-windows-x86_64 | 1.0.0 | 58.00 | 128.00 | 186.00 | OK | |
r-patched-linux-x86_64 | 1.0.0 | 55.08 | 99.95 | 155.03 | OK | |
r-release-linux-x86_64 | 1.0.0 | 57.94 | 98.25 | 156.19 | OK | |
r-release-macos-arm64 | 1.0.0 | 80.00 | NOTE | |||
r-release-macos-x86_64 | 1.0.0 | 139.00 | NOTE | |||
r-release-windows-x86_64 | 1.0.0 | 59.00 | 132.00 | 191.00 | OK | |
r-oldrel-macos-arm64 | 1.0.0 | 85.00 | NOTE | |||
r-oldrel-macos-x86_64 | 1.0.0 | 146.00 | NOTE | |||
r-oldrel-windows-x86_64 | 1.0.0 | 72.00 | 161.00 | 233.00 | OK |
Version: 1.0.0
Check: installed package size
Result: NOTE
installed size is 5.4Mb
sub-directories of 1Mb or more:
libs 4.2Mb
Flavors: r-release-macos-arm64, r-release-macos-x86_64, r-oldrel-macos-arm64, r-oldrel-macos-x86_64