CRAN Package Check Results for Package DClusterm

Last updated on 2025-05-09 18:50:12 CEST.

Flavor Version Tinstall Tcheck Ttotal Status Flags
r-devel-linux-x86_64-debian-clang 1.0-1 7.44 138.65 146.09 NOTE
r-devel-linux-x86_64-debian-gcc 1.0-1 5.96 96.84 102.80 NOTE
r-devel-linux-x86_64-fedora-clang 1.0-2 235.23 OK
r-devel-linux-x86_64-fedora-gcc 1.0-2 253.18 OK
r-devel-windows-x86_64 1.0-1 9.00 110.00 119.00 NOTE --no-vignettes
r-patched-linux-x86_64 1.0-1 7.81 132.65 140.46 NOTE
r-release-linux-x86_64 1.0-1 7.36 129.63 136.99 NOTE
r-release-macos-arm64 1.0-2 153.00 OK
r-release-macos-x86_64 1.0-2 335.00 OK
r-release-windows-x86_64 1.0-2 14.00 60.00 74.00 OK --no-vignettes
r-oldrel-macos-arm64 1.0-2 163.00 NOTE
r-oldrel-macos-x86_64 1.0-2 361.00 NOTE
r-oldrel-windows-x86_64 1.0-1 11.00 117.00 128.00 NOTE --no-vignettes

Check Details

Version: 1.0-1
Check: CRAN incoming feasibility
Result: NOTE Maintainer: ‘Virgilio Gomez-Rubio <virgilio.gomez@uclm.es>’ No Authors@R field in DESCRIPTION. Please add one, modifying Authors@R: c(person(given = "Virgilio", family = "Gomez-Rubio", role = c("aut", "cre"), email = "virgilio.gomez@uclm.es"), person(given = c("Paula", "Esther", "Moraga"), family = "Serrano", role = "aut"), person(given = "Barry", family = "Rowlingson", role = "aut")) as necessary. Found the following URLs which should use \doi (with the DOI name only): File ‘DetectClustersModel.Rd’: http://dx.doi.org/10.1007/s10260-013-0241-8 Flavors: r-devel-linux-x86_64-debian-clang, r-devel-linux-x86_64-debian-gcc

Version: 1.0-1
Check: Rd files
Result: NOTE checkRd: (-1) CalcStatClusterGivenCenter.Rd:36: Lost braces; missing escapes or markup? 36 | This can be "glm" for generalized linear models (\link{glm} {stats}), | ^ checkRd: (-1) CalcStatClusterGivenCenter.Rd:37: Lost braces; missing escapes or markup? 37 | "glmer" for generalized linear mixed model (\link{glmer} {lme4}), | ^ checkRd: (-1) CalcStatsAllClusters.Rd:49: Lost braces; missing escapes or markup? 49 | This can be "glm" for generalized linear models (\link{glm} {stats}), | ^ checkRd: (-1) CalcStatsAllClusters.Rd:50: Lost braces; missing escapes or markup? 50 | "glmer" for generalized linear mixed model (\link{glmer} {lme4}), | ^ checkRd: (-1) DetectClustersModel.Rd:60: Lost braces; missing escapes or markup? 60 | This can be "glm" for generalized linear models (\link{glm} {stats}), | ^ checkRd: (-1) DetectClustersModel.Rd:61: Lost braces; missing escapes or markup? 61 | "glmer" for generalized linear mixed model (\link{glmer} {lme4}), | ^ checkRd: (-1) glmAndZIP.iscluster.Rd:34: Lost braces; missing escapes or markup? 34 | This can be "glm" for generalized linear models (\link{glm} {stats}), | ^ checkRd: (-1) glmAndZIP.iscluster.Rd:35: Lost braces; missing escapes or markup? 35 | "glmer" for generalized linear mixed model (\link{glmer} {lme4}), | ^ Flavors: r-devel-linux-x86_64-debian-clang, r-devel-linux-x86_64-debian-gcc, r-patched-linux-x86_64, r-release-linux-x86_64

Version: 1.0-1
Check: Rd cross-references
Result: NOTE Found the following Rd file(s) with Rd \link{} targets missing package anchors: CalcStatClusterGivenCenter.Rd: glmer CalcStatsAllClusters.Rd: glmer DetectClustersModel.Rd: glmer, SpatialPolygonsDataFrame, STFDF, SpatialPolygons glmAndZIP.iscluster.Rd: glmer knbinary.Rd: SpatialPolygonsDataFrame mergeknclusters.Rd: SpatialPolygonsDataFrame Please provide package anchors for all Rd \link{} targets not in the package itself and the base packages. Flavors: r-devel-linux-x86_64-debian-clang, r-devel-linux-x86_64-debian-gcc, r-patched-linux-x86_64, r-release-linux-x86_64

Version: 1.0-1
Flags: --no-vignettes
Check: Rd files
Result: NOTE checkRd: (-1) CalcStatClusterGivenCenter.Rd:36: Lost braces; missing escapes or markup? 36 | This can be "glm" for generalized linear models (\link{glm} {stats}), | ^ checkRd: (-1) CalcStatClusterGivenCenter.Rd:37: Lost braces; missing escapes or markup? 37 | "glmer" for generalized linear mixed model (\link{glmer} {lme4}), | ^ checkRd: (-1) CalcStatsAllClusters.Rd:49: Lost braces; missing escapes or markup? 49 | This can be "glm" for generalized linear models (\link{glm} {stats}), | ^ checkRd: (-1) CalcStatsAllClusters.Rd:50: Lost braces; missing escapes or markup? 50 | "glmer" for generalized linear mixed model (\link{glmer} {lme4}), | ^ checkRd: (-1) DetectClustersModel.Rd:60: Lost braces; missing escapes or markup? 60 | This can be "glm" for generalized linear models (\link{glm} {stats}), | ^ checkRd: (-1) DetectClustersModel.Rd:61: Lost braces; missing escapes or markup? 61 | "glmer" for generalized linear mixed model (\link{glmer} {lme4}), | ^ checkRd: (-1) glmAndZIP.iscluster.Rd:34: Lost braces; missing escapes or markup? 34 | This can be "glm" for generalized linear models (\link{glm} {stats}), | ^ checkRd: (-1) glmAndZIP.iscluster.Rd:35: Lost braces; missing escapes or markup? 35 | "glmer" for generalized linear mixed model (\link{glmer} {lme4}), | ^ Flavors: r-devel-windows-x86_64, r-oldrel-windows-x86_64

Version: 1.0-1
Flags: --no-vignettes
Check: Rd cross-references
Result: NOTE Found the following Rd file(s) with Rd \link{} targets missing package anchors: CalcStatClusterGivenCenter.Rd: glmer CalcStatsAllClusters.Rd: glmer DetectClustersModel.Rd: glmer, SpatialPolygonsDataFrame, STFDF, SpatialPolygons glmAndZIP.iscluster.Rd: glmer knbinary.Rd: SpatialPolygonsDataFrame mergeknclusters.Rd: SpatialPolygonsDataFrame Please provide package anchors for all Rd \link{} targets not in the package itself and the base packages. Flavor: r-devel-windows-x86_64

Version: 1.0-2
Check: package dependencies
Result: NOTE Package suggested but not available for checking: ‘INLA’ Flavors: r-oldrel-macos-arm64, r-oldrel-macos-x86_64