Last updated on 2025-07-16 04:50:06 CEST.
Flavor | Version | Tinstall | Tcheck | Ttotal | Status | Flags |
---|---|---|---|---|---|---|
r-devel-linux-x86_64-debian-clang | 0.0.3 | 857.58 | 187.51 | 1045.09 | OK | |
r-devel-linux-x86_64-debian-gcc | 0.0.3 | 810.20 | 194.73 | 1004.93 | OK | |
r-devel-linux-x86_64-fedora-clang | 0.0.3 | 1610.71 | NOTE | |||
r-devel-linux-x86_64-fedora-gcc | 0.0.3 | 2275.57 | NOTE | |||
r-devel-windows-x86_64 | 0.0.3 | 932.00 | 293.00 | 1225.00 | OK | |
r-patched-linux-x86_64 | 0.0.3 | 1058.46 | 269.70 | 1328.16 | OK | |
r-release-linux-x86_64 | 0.0.3 | 1016.24 | 269.96 | 1286.20 | OK | |
r-release-macos-arm64 | 0.0.3 | 465.00 | OK | |||
r-release-macos-x86_64 | 0.0.3 | 613.00 | OK | |||
r-release-windows-x86_64 | 0.0.3 | 943.00 | 290.00 | 1233.00 | OK | |
r-oldrel-macos-arm64 | 0.0.3 | 244.00 | NOTE | |||
r-oldrel-macos-x86_64 | 0.0.3 | 224.00 | NOTE | |||
r-oldrel-windows-x86_64 | 0.0.3 | 1044.00 | 354.00 | 1398.00 | NOTE |
Version: 0.0.3
Check: dependencies in R code
Result: NOTE
Namespaces in Imports field not imported from:
‘RcppParallel’ ‘rstantools’
All declared Imports should be used.
Flavors: r-devel-linux-x86_64-fedora-clang, r-devel-linux-x86_64-fedora-gcc
Version: 0.0.3
Check: installed package size
Result: NOTE
installed size is 123.0Mb
sub-directories of 1Mb or more:
libs 122.5Mb
Flavors: r-oldrel-macos-arm64, r-oldrel-macos-x86_64, r-oldrel-windows-x86_64
Version: 0.0.3
Check: for GNU extensions in Makefiles
Result: NOTE
GNU make is a SystemRequirements.
Flavors: r-oldrel-macos-arm64, r-oldrel-macos-x86_64, r-oldrel-windows-x86_64