Last updated on 2025-05-25 04:50:14 CEST.
Flavor | Version | Tinstall | Tcheck | Ttotal | Status | Flags |
---|---|---|---|---|---|---|
r-devel-linux-x86_64-debian-clang | 0.1.4 | 40.97 | 32.87 | 73.84 | NOTE | |
r-devel-linux-x86_64-debian-gcc | 0.1.4 | 31.80 | 25.19 | 56.99 | NOTE | |
r-devel-linux-x86_64-fedora-clang | 0.1.4 | 137.87 | OK | |||
r-devel-linux-x86_64-fedora-gcc | 0.1.4 | 150.04 | OK | |||
r-devel-windows-x86_64 | 0.1.4 | 55.00 | 74.00 | 129.00 | OK | |
r-patched-linux-x86_64 | 0.1.4 | 45.96 | 31.43 | 77.39 | OK | |
r-release-linux-x86_64 | 0.1.4 | 44.28 | 31.38 | 75.66 | OK | |
r-release-macos-arm64 | 0.1.4 | 40.00 | OK | |||
r-release-macos-x86_64 | 0.1.4 | 52.00 | OK | |||
r-release-windows-x86_64 | 0.1.4 | 51.00 | 75.00 | 126.00 | OK | |
r-oldrel-macos-arm64 | 0.1.4 | 40.00 | OK | |||
r-oldrel-macos-x86_64 | 0.1.4 | 46.00 | OK | |||
r-oldrel-windows-x86_64 | 0.1.4 | 58.00 | 84.00 | 142.00 | OK |
Version: 0.1.4
Check: CRAN incoming feasibility
Result: NOTE
Maintainer: ‘Joe Suzuki <j-suzuki@sigmath.es.osaka-u.ac.jp>’
No Authors@R field in DESCRIPTION.
Please add one, modifying
Authors@R: c(person(given = "Joe",
family = "Suzuki",
role = c("aut", "cre"),
email = "j-suzuki@sigmath.es.osaka-u.ac.jp"),
person(given = "Jun",
family = "Kawahara",
role = "aut"))
as necessary.
Flavors: r-devel-linux-x86_64-debian-clang, r-devel-linux-x86_64-debian-gcc