CRAN Package Check Results for Package wosr

Last updated on 2025-07-03 02:51:15 CEST.

Flavor Version Tinstall Tcheck Ttotal Status Flags
r-devel-linux-x86_64-debian-clang 0.3.0 2.77 29.46 32.23 OK
r-devel-linux-x86_64-debian-gcc 0.3.0 2.05 23.42 25.47 OK
r-devel-linux-x86_64-fedora-clang 0.3.0 49.15 OK
r-devel-linux-x86_64-fedora-gcc 0.3.0 47.04 OK
r-devel-windows-x86_64 0.3.0 5.00 48.00 53.00 OK
r-patched-linux-x86_64 0.3.0 3.40 26.95 30.35 OK
r-release-linux-x86_64 0.3.0 2.74 26.93 29.67 OK
r-release-macos-arm64 0.3.0 19.00 OK
r-release-macos-x86_64 0.3.0 31.00 OK
r-release-windows-x86_64 0.3.0 5.00 49.00 54.00 OK
r-oldrel-macos-arm64 0.3.0 19.00 NOTE
r-oldrel-macos-x86_64 0.3.0 26.00 NOTE
r-oldrel-windows-x86_64 0.3.0 5.00 62.00 67.00 NOTE

Check Details

Version: 0.3.0
Check: LazyData
Result: NOTE 'LazyData' is specified without a 'data' directory Flavors: r-oldrel-macos-arm64, r-oldrel-macos-x86_64, r-oldrel-windows-x86_64