Last updated on 2025-07-03 02:51:14 CEST.
Flavor | Version | Tinstall | Tcheck | Ttotal | Status | Flags |
---|---|---|---|---|---|---|
r-devel-linux-x86_64-debian-clang | 0.7.6 | 101.69 | 59.34 | 161.03 | OK | |
r-devel-linux-x86_64-debian-gcc | 0.7.6 | 89.50 | 42.04 | 131.54 | OK | |
r-devel-linux-x86_64-fedora-clang | 0.8.0 | 273.12 | OK | |||
r-devel-linux-x86_64-fedora-gcc | 0.8.0 | 341.96 | OK | |||
r-devel-windows-x86_64 | 0.7.6 | 208.00 | 102.00 | 310.00 | OK | |
r-patched-linux-x86_64 | 0.7.6 | 122.37 | 54.83 | 177.20 | OK | |
r-release-linux-x86_64 | 0.7.6 | 118.67 | 55.62 | 174.29 | OK | |
r-release-macos-arm64 | 0.7.6 | 97.00 | OK | |||
r-release-macos-x86_64 | 0.8.0 | 157.00 | OK | |||
r-release-windows-x86_64 | 0.7.6 | 192.00 | 100.00 | 292.00 | OK | |
r-oldrel-macos-arm64 | 0.7.6 | 89.00 | NOTE | |||
r-oldrel-macos-x86_64 | 0.8.0 | 174.00 | NOTE | |||
r-oldrel-windows-x86_64 | 0.7.6 | 181.00 | 119.00 | 300.00 | NOTE |
Version: 0.7.6
Check: installed package size
Result: NOTE
installed size is 11.7Mb
sub-directories of 1Mb or more:
libs 10.5Mb
Flavor: r-oldrel-macos-arm64
Version: 0.7.6
Check: for GNU extensions in Makefiles
Result: NOTE
GNU make is a SystemRequirements.
Flavors: r-oldrel-macos-arm64, r-oldrel-windows-x86_64
Version: 0.8.0
Check: installed package size
Result: NOTE
installed size is 13.4Mb
sub-directories of 1Mb or more:
libs 12.2Mb
Flavor: r-oldrel-macos-x86_64
Version: 0.8.0
Check: for GNU extensions in Makefiles
Result: NOTE
GNU make is a SystemRequirements.
Flavor: r-oldrel-macos-x86_64