Last updated on 2025-07-03 02:51:10 CEST.
Flavor | Version | Tinstall | Tcheck | Ttotal | Status | Flags |
---|---|---|---|---|---|---|
r-devel-linux-x86_64-debian-clang | 0.1.0 | 6.11 | 46.14 | 52.25 | OK | |
r-devel-linux-x86_64-debian-gcc | 0.1.0 | 3.94 | 34.33 | 38.27 | OK | |
r-devel-linux-x86_64-fedora-clang | 0.1.0 | 77.83 | OK | |||
r-devel-linux-x86_64-fedora-gcc | 0.1.0 | 74.06 | OK | |||
r-devel-windows-x86_64 | 0.1.0 | 7.00 | 61.00 | 68.00 | OK | |
r-patched-linux-x86_64 | 0.1.0 | 5.24 | 41.84 | 47.08 | OK | |
r-release-linux-x86_64 | 0.1.0 | 5.23 | 41.25 | 46.48 | OK | |
r-release-macos-arm64 | 0.1.0 | 32.00 | OK | |||
r-release-macos-x86_64 | 0.1.0 | 46.00 | OK | |||
r-release-windows-x86_64 | 0.1.0 | 7.00 | 64.00 | 71.00 | OK | |
r-oldrel-macos-arm64 | 0.1.0 | 29.00 | NOTE | |||
r-oldrel-macos-x86_64 | 0.1.0 | 40.00 | NOTE | |||
r-oldrel-windows-x86_64 | 0.1.0 | 8.00 | 75.00 | 83.00 | NOTE |
Version: 0.1.0
Check: LazyData
Result: NOTE
'LazyData' is specified without a 'data' directory
Flavors: r-oldrel-macos-arm64, r-oldrel-macos-x86_64, r-oldrel-windows-x86_64