CRAN Package Check Results for Package qqplotr

Last updated on 2025-07-02 21:54:02 CEST.

Flavor Version Tinstall Tcheck Ttotal Status Flags
r-devel-linux-x86_64-debian-clang 0.0.6 7.15 69.40 76.55 NOTE
r-devel-linux-x86_64-debian-gcc 0.0.6 5.20 50.43 55.63 NOTE
r-devel-linux-x86_64-fedora-clang 0.0.6 119.33 OK
r-devel-linux-x86_64-fedora-gcc 0.0.6 127.07 OK
r-devel-windows-x86_64 0.0.6 9.00 82.00 91.00 OK
r-patched-linux-x86_64 0.0.6 7.57 67.37 74.94 OK
r-release-linux-x86_64 0.0.6 6.27 66.09 72.36 OK
r-release-macos-arm64 0.0.6 51.00 OK
r-release-macos-x86_64 0.0.6 77.00 OK
r-release-windows-x86_64 0.0.6 8.00 84.00 92.00 OK
r-oldrel-macos-arm64 0.0.6 55.00 OK
r-oldrel-macos-x86_64 0.0.6 74.00 OK
r-oldrel-windows-x86_64 0.0.6 12.00 106.00 118.00 OK

Check Details

Version: 0.0.6
Check: CRAN incoming feasibility
Result: NOTE Maintainer: ‘Adam Loy <loyad01@gmail.com>’ Package CITATION file contains call(s) to old-style personList() or as.personList(). Please use c() on person objects instead. Package CITATION file contains call(s) to old-style citEntry(). Please use bibentry() instead. Flavors: r-devel-linux-x86_64-debian-clang, r-devel-linux-x86_64-debian-gcc