CRAN Package Check Results for Package poolfstat

Last updated on 2025-04-17 06:50:41 CEST.

Flavor Version Tinstall Tcheck Ttotal Status Flags
r-devel-linux-x86_64-debian-clang 3.0.0 42.12 146.92 189.04 OK
r-devel-linux-x86_64-debian-gcc 3.0.0 36.22 98.32 134.54 OK
r-devel-linux-x86_64-fedora-clang 3.0.0 315.48 OK
r-devel-linux-x86_64-fedora-gcc 3.0.0 322.52 OK
r-devel-windows-x86_64 3.0.0 54.00 197.00 251.00 OK
r-patched-linux-x86_64 3.0.0 49.82 138.48 188.30 OK
r-release-linux-x86_64 3.0.0 49.76 139.07 188.83 OK
r-release-macos-arm64 3.0.0 82.00 OK
r-release-macos-x86_64 3.0.0 168.00 OK
r-release-windows-x86_64 3.0.0 52.00 198.00 250.00 OK
r-oldrel-macos-arm64 3.0.0 89.00 NOTE
r-oldrel-macos-x86_64 3.0.0 136.00 OK
r-oldrel-windows-x86_64 3.0.0 66.00 251.00 317.00 OK

Check Details

Version: 3.0.0
Check: installed package size
Result: NOTE installed size is 5.6Mb sub-directories of 1Mb or more: libs 3.1Mb Flavor: r-oldrel-macos-arm64