CRAN Package Check Results for Package plsdof

Last updated on 2025-07-05 04:50:22 CEST.

Flavor Version Tinstall Tcheck Ttotal Status Flags
r-devel-linux-x86_64-debian-clang 0.3-2 2.81 35.30 38.11 NOTE
r-devel-linux-x86_64-debian-gcc 0.3-2 2.32 28.55 30.87 NOTE
r-devel-linux-x86_64-fedora-clang 0.3-2 59.79 OK
r-devel-linux-x86_64-fedora-gcc 0.3-2 53.97 OK
r-devel-windows-x86_64 0.3-2 4.00 56.00 60.00 OK
r-patched-linux-x86_64 0.3-2 3.77 32.77 36.54 OK
r-release-linux-x86_64 0.3-2 2.84 32.91 35.75 OK
r-release-macos-arm64 0.3-2 21.00 OK
r-release-macos-x86_64 0.3-2 34.00 OK
r-release-windows-x86_64 0.3-2 3.00 58.00 61.00 OK
r-oldrel-macos-arm64 0.3-2 22.00 OK
r-oldrel-macos-x86_64 0.3-2 29.00 OK
r-oldrel-windows-x86_64 0.3-2 4.00 62.00 66.00 OK

Check Details

Version: 0.3-2
Check: CRAN incoming feasibility
Result: NOTE Maintainer: ‘Frederic Bertrand <frederic.bertrand@utt.fr>’ No Authors@R field in DESCRIPTION. Please add one, modifying Authors@R: c(person(given = "Nicole", family = "Kraemer", role = "aut"), person(given = c("Mikio", "L."), family = "Braun", role = "aut"), person(given = "Frederic", family = "Bertrand", role = "cre", email = "frederic.bertrand@utt.fr")) as necessary. Package CITATION file contains call(s) to old-style personList() or as.personList(). Please use c() on person objects instead. Package CITATION file contains call(s) to old-style citEntry(). Please use bibentry() instead. Flavors: r-devel-linux-x86_64-debian-clang, r-devel-linux-x86_64-debian-gcc