Last updated on 2025-07-04 10:50:57 CEST.
Flavor | Version | Tinstall | Tcheck | Ttotal | Status | Flags |
---|---|---|---|---|---|---|
r-devel-linux-x86_64-debian-clang | 2.8-5 | 5.84 | 59.10 | 64.94 | OK | |
r-devel-linux-x86_64-debian-gcc | 2.8-5 | 3.48 | 42.93 | 46.41 | OK | |
r-devel-linux-x86_64-fedora-clang | 2.8-5 | 105.46 | OK | |||
r-devel-linux-x86_64-fedora-gcc | 2.8-5 | 109.09 | OK | |||
r-devel-windows-x86_64 | 2.8-5 | 8.00 | 101.00 | 109.00 | OK | |
r-patched-linux-x86_64 | 2.8-5 | 5.84 | 55.47 | 61.31 | OK | |
r-release-linux-x86_64 | 2.8-5 | 5.47 | 55.79 | 61.26 | OK | |
r-release-macos-arm64 | 2.8-5 | 40.00 | OK | |||
r-release-macos-x86_64 | 2.8-5 | 72.00 | OK | |||
r-release-windows-x86_64 | 2.8-5 | 7.00 | 109.00 | 116.00 | OK | |
r-oldrel-macos-arm64 | 2.8-5 | 45.00 | NOTE | |||
r-oldrel-macos-x86_64 | 2.8-5 | 89.00 | NOTE | |||
r-oldrel-windows-x86_64 | 2.8-5 | 8.00 | 111.00 | 119.00 | OK |
Version: 2.8-5
Check: package dependencies
Result: NOTE
Package suggested but not available for checking: ‘Rmpi’
Flavors: r-oldrel-macos-arm64, r-oldrel-macos-x86_64