Last updated on 2025-07-04 10:50:56 CEST.
Flavor | Version | Tinstall | Tcheck | Ttotal | Status | Flags |
---|---|---|---|---|---|---|
r-devel-linux-x86_64-debian-clang | 0.2.2 | 68.13 | 242.70 | 310.83 | OK | |
r-devel-linux-x86_64-debian-gcc | 0.2.2 | 51.91 | 175.54 | 227.45 | OK | |
r-devel-linux-x86_64-fedora-clang | 0.2.2 | 529.75 | OK | |||
r-devel-linux-x86_64-fedora-gcc | 0.2.2 | 505.35 | OK | |||
r-devel-windows-x86_64 | 0.2.2 | 82.00 | 288.00 | 370.00 | OK | |
r-patched-linux-x86_64 | 0.2.2 | 77.62 | 231.73 | 309.35 | OK | |
r-release-linux-x86_64 | 0.2.2 | 66.37 | 231.44 | 297.81 | OK | |
r-release-macos-arm64 | 0.2.2 | 152.00 | OK | |||
r-release-macos-x86_64 | 0.2.2 | 275.00 | OK | |||
r-release-windows-x86_64 | 0.2.2 | 85.00 | 308.00 | 393.00 | OK | |
r-oldrel-macos-arm64 | 0.2.2 | 146.00 | NOTE | |||
r-oldrel-macos-x86_64 | 0.2.2 | 238.00 | NOTE | |||
r-oldrel-windows-x86_64 | 0.2.2 | 100.00 | 391.00 | 491.00 | OK |
Version: 0.2.2
Check: installed package size
Result: NOTE
installed size is 6.0Mb
sub-directories of 1Mb or more:
libs 4.0Mb
Flavors: r-oldrel-macos-arm64, r-oldrel-macos-x86_64