Last updated on 2025-04-14 18:50:24 CEST.
Flavor | Version | Tinstall | Tcheck | Ttotal | Status | Flags |
---|---|---|---|---|---|---|
r-devel-linux-x86_64-debian-clang | 0.0.1 | 10.84 | 71.50 | 82.34 | OK | |
r-devel-linux-x86_64-debian-gcc | 0.0.1 | 8.22 | 55.61 | 63.83 | OK | |
r-devel-linux-x86_64-fedora-clang | 0.0.1 | 125.01 | OK | |||
r-devel-linux-x86_64-fedora-gcc | 0.0.1 | 138.66 | OK | |||
r-devel-windows-x86_64 | 0.0.1 | 23.00 | 111.00 | 134.00 | OK | |
r-patched-linux-x86_64 | 0.0.1 | 11.15 | 68.18 | 79.33 | OK | |
r-release-linux-x86_64 | 0.0.1 | 11.10 | 67.76 | 78.86 | OK | |
r-release-macos-arm64 | 0.0.1 | 57.00 | OK | |||
r-release-macos-x86_64 | 0.0.1 | 108.00 | OK | |||
r-release-windows-x86_64 | 0.0.1 | 31.00 | 122.00 | 153.00 | OK | |
r-oldrel-macos-arm64 | 0.0.1 | 54.00 | NOTE | |||
r-oldrel-macos-x86_64 | 0.0.1 | 87.00 | NOTE | |||
r-oldrel-windows-x86_64 | 0.0.1 | 31.00 | 122.00 | 153.00 | OK |
Version: 0.0.1
Check: installed package size
Result: NOTE
installed size is 6.0Mb
sub-directories of 1Mb or more:
data 5.7Mb
Flavors: r-oldrel-macos-arm64, r-oldrel-macos-x86_64